46)?
29
Calculate -10 - 2 - (102 + -123).
9
What is (-6 + 5 - 6) + (-9 - -3) + -6?
-19
What is the value of (-5 + 8 - (-5 - (-14 + 1))) + -5?
-10
0 + 0 + 9 + -4
5
Calculate (3 - (0 - -17)) + -2 + 40.
24
What is the value of -8 + (5 - 3 - 6) + -4?
-16
-9 + (-5 - (7 + -23))
2
What is the value of 5 + -1 - (-142 + 129)?
17
What is the value of 3 - (-1 - 26) - 11?
19
What is the value of -12 + (-2 - 7 - (-67 - -54))?
-8
What is the value of ((2 - -5) + -14 - 15) + 5 - 7?
-24
Evaluate -2 + 14 - (6 - 0) - -6.
12
What is 21 + (-19 - -22) - 7?
17
Calculate 648 - 675 - (0 + 4).
-31
Calculate 9 + -11 + -4 + 0 + 10.
4
What is -3 + -20 + 10 + 2 + 2?
-9
What is 27 + -16 + -25 + (-1 - 2)?
-17
What is the value of -9 - (3 + (5 - 9)) - (8 - 7)?
-9
Evaluate (27 - (8 - 21 - -15)) + 0.
25
What is 12 - (23 + -15) - 24?
-20
What is (-3 + -2 - (-30 - -31)) + -7 + 9?
-4
(-1 - 2) + (-2 - -8 - (4 + -3))
2
Evaluate (-19 - -27) + -18 + (0 - (-3 + 5)).
-12
Calculate -30 - (-4 + -13) - (2 + (-1 - 4)).
-10
What is 10 + (-17 - (0 - (4 - -2))) + 15?
14
What is (6 - (1 - (2 + 3))) + (-61 - -66)?
15
What is (-61 + 77 - (52 - 0)) + -1 + 9?
-28
What is the value of 248 + -270 - (1 + -8)?
-15
(-4 - -1 - -1 - 3) + -111 + 144
28
Evaluate 57 + 7 - (178 - 134).
20
Evaluate -8 + (232 + -228 - (3 + (2 - 0))).
-9
Calculate -60 - -50 - (-4 + -1).
-5
Evaluate 5 + 0 - (10 + 3 - 17).
9
What is the value of -52 + 24 + (39 - -3)?
14
Evaluate 2 + -2 + (3 - 11) + (94 - 91).
-5
What is the value of 1 - (-2 + 13 + (2 - (-4 - -14)))?
-2
(17 - -4) + -8 + -2 + 12 + -1
22
What is the value of -3 + (19 - 2) + -8 + 19 + -14?
11
What is -24 + (1 - 5) + (5 - (1 + -4))?
-20
7 + -5 + (-1 - 5 - (-32 + 33))
-5
What is (2 - -32) + (-24 - -3)?
13
Evaluate (-2 - -22) + 13 + 0.
33
What is 0 - -4 - (8 + (-14 - (28 - 7)))?
31
15 + -3 - -11 - 20
3
(-1 - 6 - -17) + (-7 - -17)
20
Evaluate (6 - 11 - -6) + 2 - 3.
0
What is 16 + 24 + -44 + 19?
15
Evaluate 10 + -10 + -8 + -3.
-11
What is the value of 14 + -29 + (-2 - -8)?
-9
Calculate 3 + 2 - -6 - 13.
-2
Calculate 1 + (10 - 7) - 1 - 7.
-4
What is the value of 2 + -48 + -11 + 2 + 23?
-32
What is 1 - 2 - 30 - (27 + -8 + -16)?
-34
Calculate 40 + -45 - (0 - 0 - (3 - 0)).
-2
5 - (-37 + 34 + (-3 + -2 - 4))
17
Evaluate 10 - (7 + -26 - (-6 + -1)).
22
What is the value of 11 - ((48 - 7 - 8) + 2)?
-24
Evaluate 5 - (33 + -11 + -15).
-2
What is (15 + -2 - (1 - -3 - -3)) + 1?
7
What is 0 + -5 + (167 + -164 - (3 + 0))?
-5
Evaluate 4 - (10 - 14) - 5.
3
15 - (-40 - -12) - 19
24
(-2 - -5) + -20 + 34 + -23
-6
Evaluate -3 - -9 - 6 - -3.
3
Calculate -6 - (-6 + 3 - 2) - -5.
4
Calculate 9 + 2 + -13 + 2 + 13.
13
Calculate 0 - -2 - (103 + -107 + (-2 - -28)).
-20
What is 4 + -17 + 16 + (-18 - (0 + -4))?
-11
Evaluate (18 - 2) + (-11 - -8) + -1.
12
What is 2 + -15 - 3 - -21?
5
What is the value of -20 + (-4 - -3) + 9 + -2?
-14
What is 17 - (5 - (-16 - (-19 - -10)))?
5
(-7 - 0) + 4 + -1 + (-2 - -34)
28
6 - 2 - (121 + -127)
10
Evaluate -9 - (8 - -9) - -39.
13
What is the value of -5 + (8 - (8 - 8)) + -8?
-5
What is the value of (-9 + 4 - -4) + -17 - (-165 - -154)?
-7
Evaluate 2 - (3 + (7 - 22)).
14
Evaluate 7 - 2 - 10 - (10 + -1) - -2.
-12
What is -11 - (-1 + -5 + (-15 - -16))?
-6
What is -44 - (-10 - (39 + -22))?
-17
Evaluate (15 - 23) + 1 + -13 + -5.
-25
Calculate -10 + (-11 - -23) + -6.
-4
Evaluate (8 - 3) + -17 - (2 + -6).
-8
Evaluate -15 + 3 + 4 + 20.
12
20 - 7 - (13 + -15)
15
What is -1 - (-3 - (0 + -11)) - (-36 - -15)?
12
Calculate 0 + -12 - 0 - (48 + -61).
1
Calculate ((-2 - 3) + -3 - -1) + (44 - 18).
19
Evaluate 10 - (0 + (-22 - -2) + 2 + 9).
19
What is the value of 4 - 1 - (6 + -9) - (6 + 14)?
-14
Calculate (3 - 9) + 6 + (16 - 15).
1
-1 - -21 - (622 + -606)
4
What is the value of -1 + 1 + 0 - (-71 - -98 - 43)?
16
(9 - 6) + 5 - (7 - 2) - 3
0
Evaluate -9 + (32 - 2) + 18.
39
What is -11 - (131 + -124 - (0 + 13))?
-5
What is 3 - (-27 - -60) - -46?
16
Evaluate 11 + -5 + -14 + 12 + -25.
-21
1 - 8 - (5 + -3 + 1)
-10
Calculate -13 - -11 - (6 - (13 + -17)).
-12
Evaluate 13 - (8 + -7 - -9) - 7.
-4
What is 11 + (-4 - -9 - 13)?
3
What is 109 + -93 + -22 + -4?
-10
Calculate 2 + (20 - (-9 + 36)).
-5
What is the value of 1 + (-21 - -19) + -2 + -1 + 4?
0
What is the value of 0 + -25 + (69 - 14)?
30
What is the value of -2 + 10 + -19 + 4 - -9?
2
What is the value of (1 - -7) + (445 - 440)?
13
Calculate (-5 - -1) + -7 + 10 + -5.
-6
Evaluate 10 - 1 - (17 + -8 + 1).
-1
Evaluate 52 + -20 + -5 - 14.
13
Calculate 7 - (-13 - (-16 - (-9 - -4))).
9
What is the value of (-15 - -16) + (66 - 80) + (0 - -6)?
-7
What is 13 - 12 - (-24 - -7)?
18
What is -5 + 12 + 21 + (-8 - 0 - -1)?
21
Calculate -222 + 234 + (-5 - 2).
5
(8 - -14 - 7) + -5
10
What is the value of -10 - (-3 + 5 + -4) - (-3 + -13)?
8
What is (-8 + -1 - (14 - (5 + 14))) + 3?
-1
What is 5 - (-18 - (-16 - (-12 + 5 + -1)))?
15
What is -14 - (-1 + (-10 - -5) + 8)?
-16
Calculate (-10 + 13 - (-1 + 12)) + (112 - 82).
22
What is 5 + -10 + 2 + -2 + -10?
-15
What is the value of (4 - 4 - -7) + -3 + -2 + -5?
-3
What is (-1 - -2) + 5 + 120 + -40 + -69?
17
Calculate -1 + -15 - (-21 + 6) - -9.
8
What is the value of -12 + (-3 - (-15 + -14))?
14
Evaluate -65 + 67 - (15 - 1).
-12
Calculate 0 - (11 + -27 - -9).
7
What is -1 + -18 + (2 + -50 - -37)?
-30
Evaluate 1 + (58 - 31) + -15.
13
Evaluate (-3 - (4 + 2)) + (-4 - 12) + 9.
-16
4 + -29 + (0 - -8)
-17
9 + (0 - -3) + (64 - 68)
8
Evaluate -4 - (-9 - 3 - -18) - -14.
4
-10 - ((-67 - -70) + -18 + -1)
6
Evaluate -2 - -18 - (13 + -17 - (0 + 1)).
21
-1 + -23 + 4 + (3 + -8 - -9)
-16
What is the value of -24 - -27 - ((-2 - 1) + -6)?
12
Calculate 13 + (35 + -28 - (0 + 9)).
11
Evaluate (11 - (15 + (39 - 12))) + 14.
-17
27 + 35 + -63 - (-1 - -3)
-3
What is 1 + 2 + 2 + (-1 - -2 - -5)?
11
What is the value of 11 + (-14 - -6) - -1 - -4?
8
5 + (21 + -12 - 25)
-11
What is the value of -15 + 0 + 7 + 17 + -16?
-7
-10 + 19 + -14 + -2 + 7 + 2
2
Calculate 0 + 8 + (-3 + -1 - 1).
3
33 - (-22 + -11 - -34)
32
Evaluate -6 + -3 - (-12 - (-11 + 19)).
11
What is (-5 - (10 + -5 + -5)) + 4 + -3?
-4
What is the value of 26 - 16 - (6 - (4 + 2))?
10
(13 + 0 - 7) + (12 - 6)
12
Evaluate -8 + 10 + (-23 - -2 - (-41 + 35)).
-13
What is the value of -13 - (4 + -7 + 3 + -6)?
-7
3 - (-5 - (-6 - (7 + -5 + 3)))
-3
Evaluate (4 - 1) + -1 + (43 - 49).
-4
What is the value of 12 - (-2 + 3) - (-16 + (13 - 3))?
17
What is (1 - 21) + (10 - (6 + 2))?
-18
What is the value of 5 + (-12 - -13) + -2 + 9?
13
Calculate -8 + (5 - -18) + -4.
11
Evaluate -38 - (-12 + (2 - 5)) - -7.
-16
What is 38 + 1 + 148 + -171?
16
What is the value of 6 + (-16 + -8 + 9 - -3) - 11?
-17
Calculate 0 - 1 - -5 - (-55 - (-131 + 89)).
17
Evaluate (-29 - (-30 - 3)) + 24.
28
Calculate 3 - -10 - (-2 + -10 - -24).
1
1 - 15 - (1 - -15 - 2 - 10)
-18
What is 1 + 11 + 7 + -13 - 7?
-1
What is -9 - (16 + 8 + -23 + 14)?
-24
Evaluate -8 + (2 - 8 - (-3 - -1)).
-12
Calculate (-20 - (14 + -14)) + 1.
-19
What is -2 - 0 - (6 + -15 - 11 - -14)?
4
(7 - (0 - 5 - 0)) + (-14 - -17)
15
1 - -9 - (40 + 11 - 43)
2
-2 + 1 - (34 - (69 + -65))
-31
-8 + 3 - (6 + 13 + -2 - 8)
-14
0 + -13 - (-148 - -138) - -7
4
What is 3 + (2 - 2) - -5?
8
Calculate -38 + 1 + 9 - (-6 + -2).
-20
(4 - (0 + 9 + -6)) + (-3 - 1)
-3
What is the value of (-147 - -132) + 0 + 10?
-5
Evaluate -7 - -3 - (1 + 8 - (13 - 15)).
-15
Evaluate (46 - 49) + (5 + -6 + -11 - 3).
-18
What is the value of -8 + 2 + -1 + (9 - 4 - 0)?
-2
What is the value of 8 - 9 - (13 - 9 - (8 - -1))?
4
What is the value of 0 - 39 - (5 + -11 + -2)?
-31
(-184 - -180 - (1 - 1)) + 12
8
What is 5 + 0 + (-69 - (34 - 84))?
-14
What is -2 + 2 - (29 - 33) - -1 - 12?
-7
8 + (2 - 16) - (-8 - 0)
2
What is -4 + 2 + 2 + -14 + 20?
6
What is (-13 - -8) + 25 - (-1 + 6)?
15
74 + -79 - (3 - 19)
11
What is the value of 5 - (31 - 19 - 28 - -29)?
-8
Evaluate (27 + -3 - 13) + (-3 - -2).
10
What is 5 - (1 - 1) - (-39 - (-116 + 61))?
-11
Evaluate 1 - (-1 - -4) - (-17 + 19 + 5).
-9
What is 4 - 22 - (6 + -22 + 12)?
-14
Calculate (7 - (-4 + -8 + 17)) + -27.
-25
Calculate -1 + (26 - 4) + -4 - (8 - 13).
22
What is -1 + -1 + -25 + 36 + -3?
6
What is the value of -20 - ((-2 - 13) + 7)?
-12
(-12 - (10 + -35)) + 3 + -2 + -2
12
Evaluate -63 - -83 - (6 + 1).
13
Calculate 4 - ((-29 - 6) + 18 + (-1 - -6)).
16
What is the value o